he prime factors of 1722.
2, 3, 7, 41
List the prime factors of 1263.
3, 421
What are the prime factors of 13432?
2, 23, 73
What are the prime factors of 1951?
1951
List the prime factors of 1472.
2, 23
What are the prime factors of 27724?
2, 29, 239
List the prime factors of 3625.
5, 29
List the prime factors of 4572.
2, 3, 127
What are the prime factors of 16367?
13, 1259
List the prime factors of 2611.
7, 373
What are the prime factors of 6493?
43, 151
What are the prime factors of 13489?
7, 41, 47
What are the prime factors of 531?
3, 59
What are the prime factors of 7311?
3, 2437
List the prime factors of 1949.
1949
List the prime factors of 969.
3, 17, 19
What are the prime factors of 11348?
2, 2837
What are the prime factors of 32?
2
List the prime factors of 94055.
5, 13, 1447
What are the prime factors of 35333?
89, 397
What are the prime factors of 1234?
2, 617
List the prime factors of 410.
2, 5, 41
List the prime factors of 1915.
5, 383
List the prime factors of 921.
3, 307
What are the prime factors of 16156?
2, 7, 577
What are the prime factors of 7171?
71, 101
What are the prime factors of 41641?
41641
What are the prime factors of 133?
7, 19
What are the prime factors of 680?
2, 5, 17
List the prime factors of 822.
2, 3, 137
What are the prime factors of 16774?
2, 8387
What are the prime factors of 27347?
23, 29, 41
What are the prime factors of 12615?
3, 5, 29
List the prime factors of 4829.
11, 439
List the prime factors of 88401.
3, 79, 373
What are the prime factors of 59806?
2, 17, 1759
List the prime factors of 4377.
3, 1459
List the prime factors of 10258.
2, 23, 223
List the prime factors of 126.
2, 3, 7
List the prime factors of 98132.
2, 24533
List the prime factors of 11276.
2, 2819
List the prime factors of 134689.
367
List the prime factors of 101634.
2, 3, 13, 1303
What are the prime factors of 1621?
1621
What are the prime factors of 1470?
2, 3, 5, 7
What are the prime factors of 1408?
2, 11
What are the prime factors of 24057?
3, 11
List the prime factors of 3203.
3203
What are the prime factors of 5071?
11, 461
List the prime factors of 8865.
3, 5, 197
What are the prime factors of 169340?
2, 5, 8467
What are the prime factors of 12265?
5, 11, 223
What are the prime factors of 1041?
3, 347
List the prime factors of 5164.
2, 1291
What are the prime factors of 106659?
3, 7, 1693
What are the prime factors of 2419?
41, 59
What are the prime factors of 15361?
15361
List the prime factors of 3852.
2, 3, 107
What are the prime factors of 4590?
2, 3, 5, 17
List the prime factors of 1052.
2, 263
List the prime factors of 2118.
2, 3, 353
List the prime factors of 28090.
2, 5, 53
List the prime factors of 443.
443
What are the prime factors of 3568?
2, 223
What are the prime factors of 708?
2, 3, 59
List the prime factors of 943.
23, 41
List the prime factors of 8913.
3, 2971
What are the prime factors of 62994?
2, 3, 10499
List the prime factors of 3097.
19, 163
What are the prime factors of 2440?
2, 5, 61
What are the prime factors of 112455?
3, 5, 7, 17
What are the prime factors of 1443?
3, 13, 37
What are the prime factors of 1555?
5, 311
List the prime factors of 87473.
87473
What are the prime factors of 8347?
17, 491
What are the prime factors of 51707?
29, 1783
What are the prime factors of 70651?
7, 10093
What are the prime factors of 21482?
2, 23, 467
What are the prime factors of 3326?
2, 1663
What are the prime factors of 1934?
2, 967
List the prime factors of 21257.
29, 733
What are the prime factors of 1159?
19, 61
List the prime factors of 2588.
2, 647
List the prime factors of 39757.
83, 479
What are the prime factors of 9548?
2, 7, 11, 31
List the prime factors of 938.
2, 7, 67
What are the prime factors of 9019?
29, 311
List the prime factors of 11048.
2, 1381
What are the prime factors of 322?
2, 7, 23
List the prime factors of 7768.
2, 971
What are the prime factors of 62647?
13, 61, 79
List the prime factors of 2836.
2, 709
What are the prime factors of 894?
2, 3, 149
What are the prime factors of 1515?
3, 5, 101
What are the prime factors of 6721?
11, 13, 47
What are the prime factors of 3835?
5, 13, 59
List the prime factors of 1235.
5, 13, 19
List the prime factors of 1094.
2, 547
What are the prime factors of 6802?
2, 19, 179
List the prime factors of 61588.
2, 89, 173
List the prime factors of 2817.
3, 313
What are the prime factors of 3320?
2, 5, 83
What are the prime factors of 28533?
3, 9511
List the prime factors of 2379.
3, 13, 61
What are the prime factors of 31494?
2, 3, 29, 181
What are the prime factors of 23451?
3, 7817
What are the prime factors of 24575?
5, 983
List the prime factors of 9320.
2, 5, 233
List the prime factors of 5867.
5867
What are the prime factors of 19863?
3, 2207
List the prime factors of 418.
2, 11, 19
List the prime factors of 802.
2, 401
What are the prime factors of 13284?
2, 3, 41
List the prime factors of 79830.
2, 3, 5, 887
List the prime factors of 50385.
3, 5, 3359
List the prime factors of 46692.
2, 3, 1297
What are the prime factors of 369?
3, 41
List the prime factors of 914.
2, 457
List the prime factors of 70598.
2, 11, 3209
What are the prime factors of 10751?
13, 827
What are the prime factors of 702?
2, 3, 13
List the prime factors of 29574.
2, 3, 31, 53
What are the prime factors of 946?
2, 11, 43
What are the prime factors of 1266?
2, 3, 211
List the prime factors of 17569.
17569
List the prime factors of 117780.
2, 3, 5, 13, 151
List the prime factors of 92302.
2, 7, 19, 347
What are the prime factors of 443?
443
List the prime factors of 4374.
2, 3
What are the prime factors of 6256?
2, 17, 23
What are the prime factors of 1418?
2, 709
What are the prime factors of 1098?
2, 3, 61
What are the prime factors of 11673?
3, 1297
List the prime factors of 5103.
3, 7
What are the prime factors of 153711?
3, 5693
What are the prime factors of 1923?
3, 641
What are the prime factors of 24?
2, 3
List the prime factors of 5732.
2, 1433
What are the prime factors of 691?
691
What are the prime factors of 8980?
2, 5, 449
List the prime factors of 14664.
2, 3, 13, 47
What are the prime factors of 1241?
17, 73
List the prime factors of 12139.
61, 199
What are the prime factors of 31728?
2, 3, 661
What are the prime factors of 3091?
11, 281
List the prime factors of 9660.
2, 3, 5, 7, 23
List the prime factors of 35251.
35251
What are the prime factors of 870?
2, 3, 5, 29
List the prime factors of 159678.
2, 3, 2957
What are the prime factors of 47695?
5, 9539
List the prime factors of 8724.
2, 3, 727
What are the prime factors of 1262?
2, 631
List the prime factors of 113141.
7, 2309
What are the prime factors of 18202?
2, 19, 479
List the prime factors of 4738.
2, 23, 103
What are the prime factors of 8252?
2, 2063
What are the prime factors of 20834?
2, 11, 947
List the prime factors of 659.
659
List the prime factors of 5539.
29, 191
What are the prime factors of 6720?
2, 3, 5, 7
List the prime factors of 1102.
2, 19, 29
What are the prime factors of 454?
2, 227
List the prime factors of 3802.
2, 1901
What are the prime factors of 9778?
2, 4889
What are the prime factors of 4899?
3, 23, 71
List the prime factors of 5438.
2, 2719
List the prime factors of 18411.
3, 17, 19
What are the prime factors of 37778?
2, 13, 1453
What are the prime factors of 4740?
2, 3, 5, 79
List the prime factors of 13714.
2, 6857
List the prime factors of 4158.
2, 3, 7, 11
List the prime factors of 8079.
3, 2693
List the prime factors of 26757.
3, 991
List the prime factors of 619.
619
List the prime factors of 985.
5, 197
What are the prime factors of 4100?
2, 5, 41
What are the prime factors of 7065?
3, 5, 157
What are the prime factors of 2823?
3, 941
List the prime factors of 127323.
3, 7, 43, 47
What are the prime factors of 57891?
3, 23, 839
What are the prime factors of 15713?
19, 827
What are the prime factors of 174?
2, 3, 29
List the prime factors of 68386.
2, 31, 1103
What are the prime factors of 512?
2
What are the prime factors of 39514?
2, 23, 859
What are the prime factors of 34125?
3, 5, 7, 13
What are the prime factors of 34505?
5, 67, 103
What are the prime factors of 1148?
2, 7, 41
List the prime factors of 9830.
2, 5, 983
What are the prime factors of 3